- l. What is the remainder when 34 is divided by t?
10
Let t(g) be the second derivative of 1/2*g**3 + 1/12*g**4 + 1/2*g**2 + g + 0. Calculate the remainder when 35 is divided by t(-6).
16
Let h = 3 + -12. Let q = 32 + h. Calculate the remainder when q is divided by 8.
7
Suppose 0 = -5*p + 22 + 38. What is the remainder when 69 is divided by p?
9
Let d be (2/(-6))/((-3)/603). Let r = d - 44. What is the remainder when r is divided by 12?
11
Let s = 29 + -64. Let x = s + 88. What is the remainder when x is divided by 14?
11
Let b be -14*(-1)/2*-3. Let x(h) = h**3 + 7*h**2 + 6*h + 7. Let w be x(-7). Let s = b - w. What is the remainder when 26 is divided by s?
12
Suppose 0 = 2*p - 2*s - 48, -3*p + 5*s + 20 + 46 = 0. Calculate the remainder when p is divided by (1 + (-3)/(-2))*4.
7
What is the remainder when 47 is divided by ((-2)/(-4))/(6/144)?
11
Suppose -3*o + l = -4*o + 45, -4*o + 5*l = -171. What is the remainder when o is divided by 2/8 + (-118)/(-8)?
14
Let h(f) = -f**3 - 6*f**2 + 4*f - 8. Let y be 2/(-3) - 57/9. What is the remainder when h(y) is divided by (-2 + -5*1)/(1 + -2)?
6
Suppose -2*d + c + 221 = -0*c, -4*d + 427 = c. Calculate the remainder when 64 is divided by (-5)/10 - d/(-8).
12
Let n(p) = -2*p - 8. Let o(v) = -v**3 - 6*v**2 + 2*v + 3. Let g be o(-6). What is the remainder when 28 is divided by n(g)?
8
Let w(l) = l**2 - 2*l - 14. Calculate the remainder when 75 is divided by w(7).
12
Let k(a) be the first derivative of -a**4/4 + 10*a**3/3 + 7*a**2 + 10*a - 1. Calculate the remainder when k(11) is divided by 11.
10
Let j(d) = -9*d - 7. What is the remainder when 58 is divided by j(-3)?
18
Let z(q) = 2*q + 1. Let o(d) = d**3 - 5*d**2 - d - 6. Calculate the remainder when o(6) is divided by z(6).
11
Suppose -13*f + 153 = 4*f. What is the remainder when f is divided by 4?
1
What is the remainder when (-4 - (-5 - 1))*12 is divided by 10?
4
Suppose -2*i - i = -9. Suppose i = u - 32. What is the remainder when u is divided by 9?
8
Suppose 3*v + 7*v - 210 = 0. Suppose 5 = -3*f + 29. What is the remainder when v is divided by f?
5
Let j = 25 + -12. Suppose 4*d + 8 = -0*d. What is the remainder when j is divided by 1 + (d - (-16)/2)?
6
Suppose -2*d = 2*d - 2*z - 72, d - 24 = -z. What is the remainder when 78 is divided by d?
18
Let j(w) = w**3 - 3*w**2 - 3*w + 5. Suppose 5*d - 38 - 92 = 0. Calculate the remainder when d is divided by j(4).
8
Suppose -12 = 3*j, f = -7*j + 3*j + 1. Let v be (0/1)/((-6)/3). Suppose 33 = -v*l + l. Calculate the remainder when l is divided by f.
16
Let z(t) = t**3 + 4*t**2 - 6*t - 1. Let j be z(-5). Suppose 3 + 3 = -3*m, -j = -g + m. Calculate the remainder when g is divided by 1.
0
Let p(o) = 5*o**2 + o + 1. What is the remainder when p(-3) is divided by 15?
13
Calculate the remainder when (-656)/(-36) + 2/(-9) is divided by 1 - 27/(-3) - 0.
8
Let n = -20 - -78. Calculate the remainder when n is divided by 16.
10
Let j(t) = -15*t + 1. What is the remainder when -1*(-3)/((-3)/(-47)) is divided by j(-1)?
15
Let p(a) = -a**3 + 13*a**2 - a + 28. What is the remainder when 89 is divided by p(13)?
14
Let u be (80/(-2))/(-2) - 1. Suppose -u = -4*y + 41. Suppose w + 5 = 0, -g = -0*g + 5*w - 4. What is the remainder when g is divided by y?
14
Suppose 35 = 2*q - q + 5*j, 3*j = -q + 31. Suppose -2*x + 0*x + 6 = 0. What is the remainder when q is divided by (x/(-2))/(2/(-12))?
7
Let v(s) = 2*s**2 + s + 8. Let h(b) = -b - 3*b**2 + 2*b**2 - 8 + 3. Let r(t) = 8*h(t) + 5*v(t). What is the remainder when r(2) is divided by 2?
0
Suppose 2 = -m - 1. Let v = 6 - m. What is the remainder when 28 + 4 - 4*3/(-6) is divided by v?
7
Suppose 0 = 2*y + 3 - 7. Let h = y + -1. Calculate the remainder when 2 is divided by 0/h - 3/(-3).
0
Suppose 0*t - 19 = -t + 2*m, 0 = 3*t - 5*m - 53. What is the remainder when 163 is divided by t?
9
Calculate the remainder when 39 is divided by (-272)/(-20) - 8/(-20).
11
Let r = -9 - -54. What is the remainder when r is divided by 16?
13
Suppose -3*l - v = -76, 3*l - 3*v + 36 = 4*l. Calculate the remainder when 69 is divided by l.
21
Let w be 1/(12/(-9))*-4. Suppose w*z + 3 = 0, -2*j + 0*j + 77 = z. What is the remainder when j is divided by 8?
7
Let b(s) = 2*s + 6. Let n be b(-7). Let r = 6 - n. What is the remainder when (52/(-10))/((-2)/10) is divided by r?
12
Let f(h) = 3*h**2 + 3*h + 3. What is the remainder when 162/6 - (1 + 0) is divided by f(-2)?
8
Suppose -i + 2*i + 7 = 0. Let p = i + 17. What is the remainder when p is divided by 12*1*16/32?
4
Suppose 3*b - 5*f = b - 17, -3*f = 4*b - 31. Suppose m - 105 = -b*m. What is the remainder when m is divided by 11?
10
Let d be (-6)/6*6/(-2). Suppose -d*u = -f + 61, 248 + 7 = 4*f - u. Calculate the remainder when f is divided by 13.
12
Suppose -w - 3*w = m - 41, 2*m = 2*w + 42. What is the remainder when m is divided by 13?
12
Suppose -4*c + 119 = -3*c. Calculate the remainder when c is divided by 30.
29
Let g(k) = 9*k**2 + 3*k - 1. Let p(q) be the third derivative of -q**4/24 - q**3/6 + 2*q**2. What is the remainder when g(1) is divided by p(-7)?
5
Suppose -4*w + 78 = -w. Suppose -2*q = -8, -q - w = 2*v - 5*v. Suppose -4*n = -84 - 32. What is the remainder when n is divided by v?
9
Let o(f) = -8*f + 7. Let z(d) = 15*d. Let x be z(4). Suppose -2*v + 28 = k + 10, 4*v = 4*k - x. Calculate the remainder when o(-3) is divided by k.
15
Suppose -5*p + 5*b + 20 = -0*p, p - 4*b = -11. Suppose -99 = -9*u + 54. Calculate the remainder when u is divided by p.
8
Let f(v) = v**3 + 6*v**2 - 9*v - 9. Let k be f(-7). Let c = 7 - k. Calculate the remainder when 6 is divided by c.
0
Let u = 13 + -19. Let t = u + 2. What is the remainder when 21 is divided by ((-22)/t)/((-6)/(-12))?
10
Suppose 3*i = c - 2 - 42, 0 = -3*c + 4*i + 147. Let l = 5 + 13. What is the remainder when c is divided by l?
17
Suppose -6*g + 2*g + 20 = 0. What is the remainder when 9 is divided by g?
4
Let m(x) = -3*x. Let c(f) = 2*f - 8. Let r be c(6). Let n be m(r). What is the remainder when 14 is divided by (-3)/(-2)*(-40)/n?
4
Let f = 30 - 26. What is the remainder when 17 is divided by f?
1
Suppose -9*c + 253 + 170 = 0. Suppose 5*o + 15 = 35, -4*o = 2*k - 48. Calculate the remainder when c is divided by k.
15
Suppose -3*o + 4*o = 11. Let h(k) = k - 3. Calculate the remainder when 23 is divided by h(o).
7
Let j(y) = -2*y + 3. Suppose r + r + 6 = 0. Let d be j(r). Suppose x + d = 2*x. Calculate the remainder when 34 is divided by x.
7
Let o(l) = 2*l**3 + 7*l**2 + 5*l - 1. Let w be o(-5). Suppose -81*j = -82*j + 150. Let u = j + w. What is the remainder when u is divided by 17?
15
Let a = -25 + 43. Suppose -l = -2*c - a, -4*l - 5*c + 28 = -2*c. What is the remainder when 37 is divided by l?
7
Let t = -85 - -121. Calculate the remainder when t is divided by 19.
17
Suppose 2*z - 19 = 25. Let a be (-1)/6 - (-870)/36. Suppose m - a = -m. Calculate the remainder when z is divided by m.
10
Suppose -3 + 19 = 4*o. Let f(m) = -o + 3*m + 2*m**2 - 2*m + m**2. What is the remainder when f(-4) is divided by 21?
19
Suppose 0*w - w = 0. Suppose w + 28 = r. Let z(s) = -2*s**3 - 26*s**2 - 23*s + 27. Calculate the remainder when r is divided by z(-12).
13
Suppose 2*f + 25 = v, 3*v - 4*f - 38 = 27. What is the remainder when 73 is divided by v?
13
Let h be (-1)/(-1) - (0 - -8). Let j be 114/h - 8/(-28). Let s = j + 27. What is the remainder when s is divided by 4?
3
Let j(y) = y**3 + 12*y**2 + 9*y - 9. Calculate the remainder when 43 is divided by j(-11).
4
Let i(d) = 4*d + 0*d - 8 + 2. Let o(w) = 4*w + 8. What is the remainder when o(5) is divided by i(4)?
8
Let p(j) = j**2 + 3*j + 12. Let h = 17 - 14. Suppose 4*t - h*t - 29 = -g, 2*t + 4*g = 62. Calculate the remainder when p(-8) is divided by t.
25
Let b(l) = 4*l**3 - 3*l + 1. Calculate the remainder when 53 is divided by b(2).
26
Let i(v) = v + 3. What is the remainder when i(5) is divided by (12 + -2)*3*(-3)/(-15)?
2
Let m be 15 + (-3)/2*2. Let r = m + 10. What is the remainder when 85 is divided by r?
19
Suppose 0 = -5*v - 5*h + 150, 2*h + 49 = 2*v + 5. Calculate the remainder when 47 is divided by v.
21
Suppose -y - y + 14 = 0. Let m = 11 - -1. Calculate the remainder when m is divided by y.
5
Let u = -150 + 222. What is the remainder when u is divide